= 3*v - 3. Let k = -32 + 61. Suppose 0 = -5*j - k + 154. Calculate the remainder when j is divided by v.
12
Let w = -2 + 5. Suppose 0 = -w*h + 38 + 61. What is the remainder when h is divided by 17?
16
Let c(o) = -2*o + 1. Let p be c(-3). Suppose p*f - 3*h - 165 = 3*f, -2*f + 93 = -5*h. What is the remainder when f is divided by 21?
18
Suppose -6*y + 12 = -3*y. Suppose -y*p + 39 = -p. Calculate the remainder when p is divided by 7.
6
Let a = 33 - 13. What is the remainder when a is divided by (-2)/(-9) + (-549)/(-81)?
6
Suppose -4*a = -161 - 39. Suppose 3*j - a = 34. What is the remainder when j is divided by 8?
4
Let i(g) = 4 + 0 - 7 + 3*g. Let h(v) = v**3 - v**2 + v + 10. Calculate the remainder when i(7) is divided by h(0).
8
Let k(q) = -q + 4. Let c be k(2). Let u = c - 3. What is the remainder when 567/12 + u/4 is divided by 16?
15
Let i(r) = 11*r**2 - 4*r - 1. Let g(y) = 22*y**2 - 7*y - 2. Let v(x) = 4*g(x) - 7*i(x). What is the remainder when 39 is divided by v(1)?
9
Suppose -18*p = -16*p - 42. What is the remainder when p is divided by 14?
7
Let c(t) = -t**2 + 8*t + 6. Suppose 20 = 4*k - 132. What is the remainder when k is divided by c(7)?
12
Let o be (123/4)/(11/44). What is the remainder when 77 is divided by o/6 + 1/(-2)?
17
Suppose -5*x - 3*j = -137, 10*x - 3*j + 37 = 11*x. Calculate the remainder when 199 is divided by x.
24
Let v(u) = u + 12. Let g(o) = o**3 + 6*o**2 + 2*o + 4. Let b be g(-6). Calculate the remainder when v(b) is divided by 3/(-3)*(0 + -2).
0
Suppose 3*x = 3 - 18, 2*v = x + 35. Suppose -1 = 2*l - 2*j - 11, 0 = 5*j - 20. Calculate the remainder when v is divided by l.
6
Suppose -n + 2*n - 24 = -3*y, -5*n + 1 = -2*y. Let k = 14 - y. What is the remainder when 20 is divided by k?
6
Let o = 88 + -49. What is the remainder when o is divided by 14?
11
Let t be -4*(45/4)/(-5). Let o(r) = -r + 12. Suppose h + 8 = 2*d - 3*h, -20 = -3*d + 2*h. What is the remainder when d is divided by o(t)?
2
Let j = 9 + -4. Suppose j*z = z + 8. Calculate the remainder when 3 is divided by z.
1
Let r(k) = 1. Let g(o) = -o**2 - 5*o + 10. Let h(w) = -g(w) + 6*r(w). Let l be h(-6). Suppose 57 = l*c - 25. What is the remainder when c is divided by 14?
13
Let v = 5 + -5. What is the remainder when 1 + v + 0 + 66 is divided by 17?
16
Suppose 4*p - 6 = 2. Suppose -96 = -j - p*j. Suppose -2*g = -12*g + 170. Calculate the remainder when j is divided by g.
15
Let x(c) = c**2 + 7*c + 5. Let f be x(-8). Suppose 3*s + 1 - f = 0. Calculate the remainder when 7 is divided by s.
3
Let j(z) = -z**2 + z - 1. Let g be j(3). Let x = 24 + g. Calculate the remainder when (56/12)/(4/42) is divided by x.
15
Let k be 1*2*(-4)/(-8). Let x be (0/(-6))/(0 - k). Suppose -4*w = -x*w - 96. What is the remainder when w is divided by 13?
11
Let b(i) = -i**2 - 7*i + 10. Calculate the remainder when b(-7) is divided by 4.
2
Let w = 18 - 6. Suppose -s + w = -19. Calculate the remainder when s is divided by 11.
9
Let v(c) = -c**3 + c + 16. Suppose 2*l = -2*l. Calculate the remainder when v(l) is divided by (-1 - -4)/((-8)/(-24)).
7
Suppose -17 + 192 = 5*o. Calculate the remainder when o is divided by ((-12)/(-10))/(1/10).
11
Suppose d - 27 - 1 = 0. Suppose -2*a + k = -7 - d, -4*a = 2*k - 90. Calculate the remainder when 79 is divided by a.
19
Suppose 27*m - 113 - 103 = 0. Calculate the remainder when -2*23*1/(-2) is divided by m.
7
Suppose -5*g + 0*g - 85 = j, 5*j + 25 = 0. Let v = 5 - g. Calculate the remainder when 61 is divided by v.
19
Suppose -5*p - 10 - 65 = 5*a, 0 = p + 2*a + 20. What is the remainder when (-166)/p + (-6)/10 is divided by 6?
4
Let p(d) = -d**3 - 4*d**2 + 11*d + 8. Let o be p(-7). Suppose -2*k = -5*k + o. What is the remainder when k is divided by 14?
12
Let d be ((-16)/(-10))/(2/5). Suppose -45 = u - d*u. Let j(b) = -11*b - 2. What is the remainder when j(-4) is divided by u?
12
Let f(x) = x**3 - 3*x**2 + 3*x + 17. Calculate the remainder when 60 is divided by f(0).
9
Suppose 34 = 5*j - 2*w, -4*w = 2*j - 0*w - 28. Suppose -2*l = 1 - 9. Suppose -l*u - 2*t + 7 = -15, 12 = -u + 3*t. What is the remainder when j is divided by u?
2
Let i(z) = -2*z + 5 + 4*z - 14. What is the remainder when 13 is divided by i(7)?
3
Suppose 2 + 14 = -2*s. Let x be 6/15 + s/(-5). What is the remainder when 27 is divided by (3 + -1 - x) + 14?
13
What is the remainder when (-2)/(40/90*(-6)/76) is divided by 20?
17
Suppose 20 = 4*o + 3*p, 2*p + 19 + 5 = 2*o. What is the remainder when 30 is divided by o?
6
Suppose -7 = k - 0*k. Let p(i) = -i**3 - 7*i**2 - 2*i. What is the remainder when 32/6*30/4 is divided by p(k)?
12
Suppose 5*l - 99 = 2*l. What is the remainder when l is divided by 12?
9
Let q = 87 - 39. What is the remainder when q is divided by -5*(-1)/(0 + 2/10)?
23
Suppose 2*p - 23 - 101 = 0. What is the remainder when p is divided by 32?
30
Suppose 4*k + 0*o - 9 = -3*o, -5*k - 6 = -2*o. Let d = k - -12. Suppose -b = 4*b - 110. Calculate the remainder when b is divided by d.
10
Let h(o) = -o. Let r(k) = 2*k + 3. Let i(v) = h(v) - r(v). Calculate the remainder when i(-9) is divided by 9.
6
Let i = 17 - -2. Calculate the remainder when 55 is divided by i.
17
Suppose 5*j + s = 371, -2*j + 150 = 3*s - s. What is the remainder when j is divided by 25?
24
Suppose 3*b - 13 = -1. Let r(p) = 0*p + 4*p - p. What is the remainder when 22 is divided by r(b)?
10
Let a = 2 + 3. Suppose a*x + 3*v = 229, 3*x - 138 = 2*v - 4*v. Suppose 0 = -3*h + 6 + 39. What is the remainder when x is divided by h?
14
Suppose -3*a + w = -36, 3*w + 4 = -a - 2*w. What is the remainder when 42 is divided by a?
9
Let d(p) = -3*p + 8. Calculate the remainder when d(-5) is divided by 16.
7
Let d(j) = -2*j**2 - 4*j - 2. Let x be d(-3). Let w be (x/20)/((-1)/45). Let r = 31 - w. What is the remainder when 24 is divided by r?
11
Suppose -4*r - 40 = -8*r. Calculate the remainder when 28 is divided by r.
8
Let j(n) = 10*n**2 + 2*n + 1. Suppose m - 5 = 10. Calculate the remainder when m is divided by j(-1).
6
Suppose 2*p + 0 = -3*u + 2, -4*u = -p + 1. Calculate the remainder when (u + 1)/(1/19) is divided by 1*1*7 - 0.
5
Let c(i) be the third derivative of i**4/3 - i**3/2 - 2*i**2. What is the remainder when c(3) is divided by 8?
5
What is the remainder when 30 is divided by 98/14 + 4*1?
8
Let k(l) = l**3 + 8*l**2 + l - 5. Suppose 5*a = 79 + 26. Suppose 5*m - 2*m + a = 0. What is the remainder when k(m) is divided by 10?
7
Let r = 133 - -7. Suppose -3*g - 3*x + 1 = -r, g - 50 = -2*x. Let u = 9 + 14. Calculate the remainder when g is divided by u.
21
Let l = 26 - 19. What is the remainder when l is divided by 2?
1
Suppose -22 - 3 = -5*k. Let s(t) = 5*t - 6. Let w(v) = -v. Let f be w(-4). Calculate the remainder when s(f) is divided by k.
4
What is the remainder when 29 is divided by 15 - 3/(3 - 6)?
13
Let q be (-3)/(1/30*9). Calculate the remainder when 57 is divided by 4/(-10) - 204/q.
17
Suppose -2*w = -0 - 168. Suppose y = -2*y + w. Let x = 5 + 10. Calculate the remainder when y is divided by x.
13
Suppose -11 = c - 4*n, 4*c + n - 6 = c. Suppose 0 = -2*m + 3 - 1. Calculate the remainder when m is divided by c.
0
Suppose 0*n = 2*n. Suppose n*s + 4*s = 184. What is the remainder when s is divided by 12?
10
Let p = 15 + 0. What is the remainder when 58 is divided by p?
13
Suppose 0 = 4*f - f. Suppose f = -s + 53 + 17. What is the remainder when s is divided by 24?
22
Suppose 0 = -p + 4*p - 21. Let k(r) = -r**2 + 17*r + 18. Calculate the remainder when k(17) is divided by p.
4
Suppose 2*k + 8*k - 40 = 0. Calculate the remainder when 13 is divided by k.
1
Let j = -73 + 120. Let d = -29 - -45. Calculate the remainder when j is divided by d.
15
Let y = -2 + 15. What is the remainder when 19 is divided by y?
6
Suppose -3*k = 4*o - 13, 3*o - 26 = 5*k + 20. Let a(g) = 19*g**3 + g**2. Calculate the remainder when a(1) is divided by o.
6
Let l(h) = h**2 + 8*h - 2. Calculate the remainder when 41 is divided by l(-9).
6
Let r(x) = 2*x + 14. What is the remainder when 249 is divided by r(7)?
25
Let u(p) = 24 - 10 + 2*p - 16*p - 13. Let g(m) = m**3 + 8*m**2 + 7*m - 1. Let n be g(-7). Calculate the remainder when 42 is divided by u(n).
12
Suppose 14*h - 15*h + 8 = 0. What is the remainder when h is divided by 2?
0
Suppose -7